.
72
What is the value of (5 - 64) + (4 - -4 - 4) + -11?
-66
What is the value of (201 + -134 - 108) + (1 - -6)?
-34
What is -2 + 8 + -40 + (-27 - (-53 - -18))?
-26
What is -16 + (35 - 14) - (38 + 6)?
-39
What is the value of (8 - 24) + 25 + 4?
13
3 + (8 + 3 - -8) + -59
-37
What is 34 + (-22 - -69) + 2?
83
-32 + 29 + 9 + -12 + -7 + 43
30
What is -16 + 2 - (1325 - 1308)?
-31
-5 + -12 + 47 + -22 - (1 + -2 + -58)
67
Calculate (31 + -35 - (-24 + 6)) + -19 - 11.
-16
What is the value of (-34 + 36 - (-4 + -25)) + (23 - 7)?
47
Evaluate (-164 - -177) + -53 - (-10 - ((0 - 0) + 0)).
-30
Evaluate (-18 - -13 - (-7 - 0)) + -46 + 58.
14
Evaluate -37 + (16 + 9 - 36) + -5 + 1 - -2.
-50
What is the value of -22 + 1 - (-1020 - -1026)?
-27
Evaluate 0 - -44 - (3961 + -3952).
35
What is the value of 41 + (50 - 16) + -71 - (104 - 0)?
-100
Calculate 7 + -7 + 0 + 1 + (71 - 189) + 117.
0
Evaluate 45 - (1 - 30) - (2 - 0) - (2 + 4).
66
-7 + 2 - (3 - (10 - (39 + -36)))
-1
Calculate -59 + (-46 - -156) + -2.
49
48 - (-29 + 87 - 16)
6
Evaluate -11 + (7 + -3 - 5) - (-111 - (-10 - -14)).
103
94 + -65 + 27 - -33
89
Calculate (1 - -5) + -26 + -52 + 32.
-40
Evaluate 6 - ((30 - 50) + 6 + -21 + 3).
38
Calculate (25 - (20 + -39) - 5) + 6.
45
What is the value of 15 - (46 - 1 - (-95 + 127 - (-1 + 27)))?
-24
What is the value of -18 + (-1 - -8 - (-24 + 30))?
-17
Evaluate -3 - (-8 - (54 + -39)).
20
22 + 2 + -56 + -7
-39
Evaluate 2 - (18 - 10) - (-121 - (-5 + -6 + 9)).
113
What is 10 - (1 - (3 + 0) - ((-65 - -27) + 26))?
0
Calculate -11 + (35 - 25) - (-16 - -2) - -24.
37
Calculate 59 + 14 + -4 + -28 + 23.
64
-10 + 2 + -2 + 4 + (-54 + 6 - -1)
-53
Evaluate 17 + -24 - ((-1 - ((-3 - -10) + -7)) + -60).
54
(-7 - (-12 - (-4 - -8)) - (50 + 6)) + -13
-60
Evaluate (-117 - -100) + -49 + 3.
-63
What is the value of -51 + (47 - 62) + 85?
19
Calculate 1 + (50 - (-4 - 6 - (-22 + 0) - 3)).
42
What is the value of -42 - (-111 + 77 + -103)?
95
Evaluate 5 + -43 + (7 - -4 - 18 - 4).
-49
Evaluate 17 - 34 - -27 - (38 + 1).
-29
What is the value of -15 - (-94 - (0 + -5 + (2 - -17)))?
93
What is 1 + 38 + (-1 - 12) + (-78 - -103) + -6?
45
41 + -79 + 21 + 33
16
Evaluate -41 + 50 + (0 - 2) - (-58 + 89).
-24
What is the value of -26 + (-7 - (-23 - 28)) + 6?
24
What is 3 + -1 + -18 + -17 + 14?
-19
Calculate 75 + (20 - (235 - 76)).
-64
Calculate (-34 - 6) + (-189 - -206).
-23
What is the value of 1 + -23 - (66 - 29 - 29)?
-30
What is the value of 44 - ((-32 + 15 - -14) + 21)?
26
-185 - -34 - -35 - (3 + 10 + -5)
-124
What is 1 - (-55 - -1) - (40 - (-7 - -41) - 2)?
51
What is the value of (-18 - -44) + -10 + 45 + (10 - (-1 + 0))?
72
-386 + 370 + (-27 - 3)
-46
Evaluate 33 - (-15 - -40) - (7 + -4 - (0 + -56)).
-51
Evaluate (65 - (-125 - -230)) + (10 - 1) + 0.
-31
Evaluate -1 + 1 + -1 + -4 - (187 - (151 - -45)).
4
Calculate -2 - -27 - (-4320 - -4356).
-11
Calculate 42 - (-27 - -93 - 16).
-8
Evaluate 113 - ((72 - 43) + 31).
53
Evaluate 3 - 27 - (46 + (-54 - -26) + (-13 - -2)).
-31
What is (-18 - (-22 - -55) - 21) + 22?
-50
-3297 + 3307 + -1 + 2 + -14 + 13 + -102
-92
-1 + 113 - (112 + (-29 - 22) - 73)
124
Evaluate -18 + 23 - (2 + -7 - 2 - 33).
45
What is the value of 11 + 8 + (-298 - -224)?
-55
Evaluate -5 + -2 + -71 + (10 - (-34 + 25)).
-59
Evaluate 78 - (-13 + 29) - (-3 + 1 + (-1 - -11)).
54
What is the value of (-2 - 1) + 16 + (8 - 17) + 3 + 40?
47
Calculate (14 - 47) + (-19 - (1 + -7)) + (16 - -3).
-27
Calculate (6 - (1 + (-3 - -1) - 111)) + -5 - -1.
114
What is the value of 206 + -138 + (2 - -11) - -33?
114
What is the value of 1 - -59 - (20461 + -20458)?
57
What is the value of (33 - 67) + 7 - (-48 + 1)?
20
Calculate -224 + 167 - (-20 + 1).
-38
What is (-79 - -66 - (8 + -4 - 17)) + 41?
41
What is -119 - -4 - -142 - (79 + 2)?
-54
What is (6 - 17) + -4 + (-8 - -14) - -12?
3
Evaluate (-9 - -47) + 342 + -408.
-28
Calculate -38 + 0 - (-5418 + 5403).
-23
What is (-53 - -46) + (-20 + -1 - (38 - 36))?
-30
Calculate -955 + 967 + -73 + 1 - (6 + -29).
-37
What is 5 - (3 - (11 - 11) - 8 - -12)?
-2
Evaluate 7 + -8 + -19 + (-30 - -40) + -12.
-22
What is the value of -7 - 1 - (33 + -20 + -53 + -24)?
56
Evaluate -58 - -2 - -57 - (27 + (0 + 2 - 5)).
-23
Evaluate (0 - (-19 + 9) - (42 - -64) - 2) + -6.
-104
What is 75 - (8 + 2) - (-8 - -30)?
43
(24 - -73) + -11 + (1 - -18) + -8
97
What is the value of 30 + -56 + 38 + -1 + 3 - 15?
-1
What is (35 - (2 + -3)) + (-25 - (-22 + -51) - 52)?
32
(-2 - 8) + -38 + 0 + 0 + (125 - 124)
-47
What is the value of 17 - (-2 - (37 + -39)) - -65?
82
Calculate (54 - -3) + (36 - (-36 + 91)).
38
20 - (42 + -105 + 51)
32
What is the value of (-8 - (15 - 12 - 9)) + 11 - (-64 - 4)?
77
What is the value of -4 + 31 + (86 - 109)?
4
What is (-27 + 1 + -10 - -19) + -21?
-38
What is (-115 - -126) + (4 - 17)?
-2
What is (-28 - (-21 + 23 - 40)) + -109 + 5?
-94
What is the value of 85 - (-100 + 65 + 73)?
47
Calculate -7 + 15 + (-12 - (-6 + 4 + 10)).
-12
What is -62 + 86 + -31 + 2 + -24 + 10?
-19
Evaluate 1 - (32 + 1 + -1) - (703 - (968 - 257)).
-23
What is the value of -4 + -19 - (67 + (-124 - 53))?
87
Evaluate (5 + -2 - -63 - -2) + (-48 - -31).
51
Calculate (10 - 61) + -9 + -60 + 52.
-68
What is the value of (30 - (8 + (7 - 16))) + -20 + 9?
20
Evaluate -4 + -1 + (-2 + -5 + (-78 - -93) - -55).
58
What is the value of 230 + -232 - (-1 + -5 - (3 + -46))?
-39
What is the value of 1 + -3 - (49 + -61) - (2 - -3)?
5
Calculate 5 + 37 + -13 + -14 + -30 + 33.
18
What is the value of -214 + 322 - (4 - (-13 - -4))?
95
(-5 - (45 + -60)) + -6 + (1 - -2) + 30
37
What is 67 + (0 - -7 - (-10 + 13) - 4 - -13)?
80
What is -2 + 22 - ((73 - -3) + -74)?
18
What is -14 - (-3 + 7 - 19 - (-31 - -6))?
-24
Evaluate 14 + -4 + 1 + -9 + -42.
-40
What is the value of -31 + ((1 - 0) + 1 - (-3209 + 3208))?
-28
13 + -26 + 11 + 12 + -8 + -81
-79
Evaluate (23 - 0 - 2) + 42 - (5 + 9).
49
Evaluate (5 - (-5 + 5)) + 27 - (13 - -12 - 16).
23
Evaluate 33 + -17 + (6 - (-5 + 10)).
17
What is 4 + 10 - (-11 - -47 - 56)?
34
8 + -6 + (-6 - 0) + -2 - (11 - 25)
8
Calculate -130 - ((3 - (-6 + 6)) + -6) - (-369 + 372).
-130
What is the value of (2 - 1) + -39 + -14009 + 14159?
112
Evaluate 5 + -1 + -4 - (-32 - 1) - (16757 + -16765).
41
What is the value of -2 + 19 + 9 + -12 + 19?
33
718 + -689 + (-1 - 47)
-19
Calculate 63 + (99 - 25) + -108.
29
(-787 - -707 - (1 - 45)) + -48
-84
Evaluate -60 + 83 + -10 + (3 - 8).
8
What is the value of 2 + -42 - (-46 - -36)?
-30
What is the value of 375 + -374 - (27 - (-2 - -1))?
-27
-2 + -8 + (36 - 32) + 0 + 7 + -74
-73
-182 + (137 - -130) - (-1 - 1)
87
Calculate -2 + 11 + -5 + 22.
26
What is 32 + (30 - 74) + -2?
-14
Evaluate -29 + (-11 - -18) + 20 - (-1 + -50).
49
1 + (6 - -17) - -12 - -3
39
22 + (4 - 0) + -11 + 4
19
Evaluate 25 - (49 + (-35 - 17)).
28
What is the value of -72 + 1 - (-683 + 635)?
-23
What is the value of 9 + (-653 - -600 - (0 + 1))?
-45
What is the value of 65 + 27 + (-18 - -4)?
78
What is (128 - 171) + (3 - 39) - -42?
-37
Evaluate 77 + (0 - 10) - 60.
7
Calculate (13 - 5) + (0 + -116 - -24 - -19).
-65
Evaluate (-14 + -7 - -10) + -23 + -3 + (-3 - -2).
-38
What is (178 - 154) + (-53 - -2) + -3 + 11 + -3?
-22
Calculate 10 + -7 + (7 - (0 - -4)) + -12 - -77.
71
What is the value of -6 + 1 + -3 - (-5 - (18 + (66 - 0)))?
81
What is -14 + 1 + (29 - 21 - -9)?
4
-92 + (-13 - -112 - 48)
-41
Evaluate ((-4 - -7) + -12 - (-32 - -55)) + 6 - 6.
-32
What is -7 + 17 + 29 - -7?
46
Evaluate 4 - ((25 - 0) + 15) - -5.
-31
Evaluate -7 - 18 - 6 - (501 + -504).
-28
What is the value of 20 + 6 + -59 + 37 + -1?
3
What is the value of 45 + -2 - (56 + -39 + 0 + -8)?
34
52 + (5 + 5 - (0 - 0)) + -10 + -6
46
What is -8 - (13 + -11) - (250 + -209)?
-51
-1 + 1 + 3 - (6 + 58 + -18)
-43
What is the value of (720 + -812 - (25 + 2 + -4)) + 23?
-92
Evaluate 17 + (-34 - 65 - (4 - (-11 - -5))).
-92
What is -14 - (53 + -49) - 15?
-33
What is the value of -5 - ((-7 - (6 + 0 - 4)) + 43)?
-39
What is the value of (2 - 5 - 1) + (-17 - (-50 - (-27 + -20)))?
-18
Calculate -40 + 21 - -15 - (0 + -18).
14
Evaluate (45 - 0) + (20 - 36 - -12) + 8.
49
What is 24 - 56 - 10 - 6?
-48
What is 56 + 0 + 1 - (-4 + (30 - 2 - 16))?
49
What is the value of -114 - (54 - (138 - -105))?
75
Calculate -95 - (-244 - (-196 + 85)).
38
Calculate 24 + -39 - 21 - -58 - (-18 - 3).
43
Ev